{"id":16768,"date":"2021-09-16T10:26:30","date_gmt":"2021-09-16T15:26:30","guid":{"rendered":"https:\/\/farmerspromise.com\/ufaq\/should-potatoes-be-refrigerated\/"},"modified":"2024-02-06T09:34:05","modified_gmt":"2024-02-06T15:34:05","slug":"should-potatoes-be-refrigerated","status":"publish","type":"ufaq","link":"https:\/\/farmerspromise.com\/es\/ufaq\/should-potatoes-be-refrigerated\/","title":{"rendered":"\u00bfSE DEBEN REFRIGERAR LAS PAPAS?"},"content":{"rendered":"<div  class=\"ewd-ufaq-faq-list ewd-ufaq-page-type-distinct ewd-ufaq-category-tabs-\" id='ewd-ufaq-faq-list'>\n\n\t<input type='hidden' name='show_on_load' value='' id='ewd-ufaq-show-on-load' \/>\n<input type='hidden' name='include_category' value='' id='ewd-ufaq-include-category' \/>\n<input type='hidden' name='exclude_category' value='' id='ewd-ufaq-exclude-category' \/>\n<input type='hidden' name='orderby' value='date' id='ewd-ufaq-orderby' \/>\n<input type='hidden' name='order' value='asc' id='ewd-ufaq-order' \/>\n<input type='hidden' name='post_count' value='-1' id='ewd-ufaq-post-count' \/>\n<input type='hidden' name='current_url' value='\/es\/wp-json\/wp\/v2\/ufaq\/16768' id='ewd-ufaq-current-url' \/>\n\t\n\t\n\t<div class='ewd-ufaq-faqs'>\n\n\t\t<div  class=\"ewd-ufaq-faq-div ewd-ufaq-faq-column-count-one ewd-ufaq-faq-responsive-columns- ewd-ufaq-faq-display-style-default ewd-ufaq-can-be-toggled\" id='ewd-ufaq-post-16768-REOsCu8IEa' data-post_id='16768'>\n\n\t\t\n\t<div class='ewd-ufaq-faq-title ewd-ufaq-faq-toggle'>\n\t\n\t<a class='ewd-ufaq-post-margin'  href='#' role=\"button\">\n\n\t\t<div class='ewd-ufaq-post-margin-symbol ewd-ufaq-'>\n\t\t\t<span >A<\/span>\n\t\t<\/div>\n\n\t\t<div class='ewd-ufaq-faq-title-text'>\n\n\t\t\t<h3>\n\t\t\t\t\u00bfSE DEBEN REFRIGERAR LAS PAPAS?\t\t\t<\/h3>\n\n\t\t<\/div>\n\n\t\t<div class='ewd-ufaq-clear'><\/div>\n\n\t<\/a>\n\t\n<\/div>\n\t\n\t<div class='ewd-ufaq-faq-body' >\n\n\t\t\n\t\t\t<div class='ewd-ufaq-faq-categories'>\n\t\n\tCategory:\n\t\n\t\tPREGUNTAS SOBRE PAPAS\n\t\n<\/div>\n\t\t\n\t\t\t<div class='ewd-ufaq-post-margin ewd-ufaq-faq-post'>\n\t<p>Almacenar las papas en el refrigerador permite que los almidones de las papas se descompongan en az\u00facares, lo que puede cambiar el sabor de las papas. Si debes refrigerarlas, \u00fasalas en unas pocas semanas para obtener el mejor sabor posible.<\/p>\n<p>Para el mejor y m\u00e1s largo almacenamiento posible, querr\u00e1s guardar tus papas en un lugar fresco y oscuro. El almacenamiento \u00f3ptimo es de 45-55\u00b0 F, y las papas se conservan mejor en la oscuridad. Mantenerlas de esta manera deber\u00eda permitir que duren varias semanas, dependiendo de las condiciones de almacenamiento.<\/p>\n<\/div>\n\t\t\n\t\t\t\n\t\t\n\t\t\t\n\t\t\n\t\t\t\n\t\t\n\t\t\t\n\t\t\n\t\t\t\n\t\t\n\t\t\t\n\t\t\n\t\t\t\n\t\t\n\t\t\t\n\t\t\n\t<\/div>\n\n<\/div>\n\t<\/div>\n\n\t\n<\/div>","protected":false},"excerpt":{"rendered":"<p>A \u00bfSE DEBEN REFRIGERAR LAS PAPAS? Category: PREGUNTAS SOBRE PAPAS Almacenar las papas en el refrigerador permite que los almidones de las papas se descompongan en az\u00facares, lo que puede cambiar el sabor de las papas. Si debes refrigerarlas, \u00fasalas en unas pocas semanas para obtener el mejor sabor posible. Para el mejor y m\u00e1s [&hellip;]<\/p>\n","protected":false},"author":1,"featured_media":0,"comment_status":"closed","ping_status":"closed","template":"","ufaq-category":[838],"ufaq-tag":[],"class_list":["post-16768","ufaq","type-ufaq","status-publish","hentry","ufaq-category-2-potato-es","entry"],"_links":{"self":[{"href":"https:\/\/farmerspromise.com\/es\/wp-json\/wp\/v2\/ufaq\/16768","targetHints":{"allow":["GET"]}}],"collection":[{"href":"https:\/\/farmerspromise.com\/es\/wp-json\/wp\/v2\/ufaq"}],"about":[{"href":"https:\/\/farmerspromise.com\/es\/wp-json\/wp\/v2\/types\/ufaq"}],"author":[{"embeddable":true,"href":"https:\/\/farmerspromise.com\/es\/wp-json\/wp\/v2\/users\/1"}],"replies":[{"embeddable":true,"href":"https:\/\/farmerspromise.com\/es\/wp-json\/wp\/v2\/comments?post=16768"}],"wp:attachment":[{"href":"https:\/\/farmerspromise.com\/es\/wp-json\/wp\/v2\/media?parent=16768"}],"wp:term":[{"taxonomy":"ufaq-category","embeddable":true,"href":"https:\/\/farmerspromise.com\/es\/wp-json\/wp\/v2\/ufaq-category?post=16768"},{"taxonomy":"ufaq-tag","embeddable":true,"href":"https:\/\/farmerspromise.com\/es\/wp-json\/wp\/v2\/ufaq-tag?post=16768"}],"curies":[{"name":"wp","href":"https:\/\/api.w.org\/{rel}","templated":true}]}}

<div  class="ewd-ufaq-faq-list ewd-ufaq-page-type-distinct ewd-ufaq-category-tabs-" id='ewd-ufaq-faq-list'>

	<input type='hidden' name='show_on_load' value='' id='ewd-ufaq-show-on-load' />
<input type='hidden' name='include_category' value='' id='ewd-ufaq-include-category' />
<input type='hidden' name='exclude_category' value='' id='ewd-ufaq-exclude-category' />
<input type='hidden' name='orderby' value='date' id='ewd-ufaq-orderby' />
<input type='hidden' name='order' value='asc' id='ewd-ufaq-order' />
<input type='hidden' name='post_count' value='-1' id='ewd-ufaq-post-count' />
<input type='hidden' name='current_url' value='/es/wp-json/wp/v2/ufaq/16768' id='ewd-ufaq-current-url' />
	
	
	<div class='ewd-ufaq-faqs'>

		<div  class="ewd-ufaq-faq-div ewd-ufaq-faq-column-count-one ewd-ufaq-faq-responsive-columns- ewd-ufaq-faq-display-style-default ewd-ufaq-can-be-toggled" id='ewd-ufaq-post-16768-REOsCu8IEa' data-post_id='16768'>

		
	<div class='ewd-ufaq-faq-title ewd-ufaq-faq-toggle'>
	
	<a class='ewd-ufaq-post-margin'  href='#' role="button">

		<div class='ewd-ufaq-post-margin-symbol ewd-ufaq-'>
			<span >A</span>
		</div>

		<div class='ewd-ufaq-faq-title-text'>

			<h3>
				¿SE DEBEN REFRIGERAR LAS PAPAS?			</h3>

		</div>

		<div class='ewd-ufaq-clear'></div>

	</a>
	
</div>
	
	<div class='ewd-ufaq-faq-body' >

		
			<div class='ewd-ufaq-faq-categories'>
	
	Category:
	
		PREGUNTAS SOBRE PAPAS
	
</div>
		
			<div class='ewd-ufaq-post-margin ewd-ufaq-faq-post'>
	<p>Almacenar las papas en el refrigerador permite que los almidones de las papas se descompongan en azúcares, lo que puede cambiar el sabor de las papas. Si debes refrigerarlas, úsalas en unas pocas semanas para obtener el mejor sabor posible.</p>
<p>Para el mejor y más largo almacenamiento posible, querrás guardar tus papas en un lugar fresco y oscuro. El almacenamiento óptimo es de 45-55° F, y las papas se conservan mejor en la oscuridad. Mantenerlas de esta manera debería permitir que duren varias semanas, dependiendo de las condiciones de almacenamiento.</p>
</div>
		
			
		
			
		
			
		
			
		
			
		
			
		
			
		
			
		
	</div>

</div>
	</div>

	
</div>

<p>A ¿SE DEBEN REFRIGERAR LAS PAPAS? Category: PREGUNTAS SOBRE PAPAS Almacenar las papas en el refrigerador permite que los almidones de las papas se descompongan en azúcares, lo que puede cambiar el sabor de las papas. Si debes refrigerarlas, úsalas en unas pocas semanas para obtener el mejor sabor posible. Para el mejor y más [&hellip;]</p>
